rt -2020203 (base 6) to base 9.
-155583
Convert -8007505 (base 10) to base 15.
-a828da
13cac4 (base 13) to base 15
98b60
Convert -10320203203 (base 4) to base 8.
-4704343
-45532 (base 13) to base 11
-86830
1b4ad (base 15) to base 14
2451b
-284175 (base 10) to base 9
-472730
12100110110010 (base 3) to base 16
2b6323
Convert -20120221012110 (base 3) to base 2.
-1101010111000010110111
-1a9a6 (base 13) to base 4
-30233130
Convert -ba9152 (base 12) to base 6.
-143240542
What is 24304130 (base 5) in base 15?
47b45
-162a755 (base 11) to base 14
-525890
-4c0d81 (base 15) to base 8
-15725056
1000010110101101101011 (base 2) to base 3
11010021101001
-7f8fe (base 16) to base 3
-222112201122
11143022 (base 5) to base 7
563565
What is 20a097 (base 13) in base 15?
10188a
2066a (base 14) to base 8
230426
Convert -336048 (base 10) to base 3.
-122001222020
Convert -11022222220101 (base 3) to base 12.
-9307b4
220001a (base 12) to base 6
350400034
Convert -100001110111000000111 (base 2) to base 7.
-12300504
Convert 5db7f (base 16) to base 3.
201111120110
-121200001102 (base 3) to base 14
-877cc
4c003 (base 16) to base 2
1001100000000000011
-4038a0 (base 11) to base 9
-1188566
Convert -5447532 (base 8) to base 13.
-3c2669
-7327a (base 11) to base 15
-219a9
Convert -12004104 (base 6) to base 5.
-43433102
What is -320036211 (base 7) in base 4?
-1020102223020
16643311 (base 8) to base 12
1374149
Convert 2633230 (base 7) to base 6.
11214511
What is -210002120010212 (base 3) in base 2?
-101010110000111110101010
What is 100110101101101 (base 3) in base 6?
255423531
-40005534 (base 6) to base 2
-100010001101100000010
What is 4676057 (base 8) in base 3?
2101212200101
What is a37c72 (base 14) in base 8?
25023614
-c43b (base 16) to base 9
-75816
Convert -33043042 (base 5) to base 15.
-592d2
Convert 113521331 (base 6) to base 15.
2c470a
What is 357522 (base 10) in base 13?
c6969
What is 131afb (base 16) in base 11?
785795
What is 1310302241 (base 5) in base 12?
10ab331
Convert -296180 (base 11) to base 12.
-1a3496
Convert 17057243 (base 8) to base 16.
3c5ea3
Convert -215402 (base 7) to base 9.
-57022
Convert 1d136 (base 14) to base 12.
37024
-230011 (base 6) to base 16
-4bf7
-126918a (base 11) to base 2
-1000010111100100101011
Convert 196a8a (base 13) to base 6.
21442212
What is 31030220 (base 6) in base 14?
192708
What is 344144 (base 5) in base 3?
122001011
What is -1aa84 (base 15) in base 5?
-10233444
-656189 (base 12) to base 5
-402413124
57629 (base 15) to base 7
2235621
Convert 2002010112002 (base 3) to base 9.
2063462
What is 1146532 (base 9) in base 5?
124342132
5406565 (base 7) to base 11
40a261
-267318 (base 10) to base 15
-54313
-17b759 (base 14) to base 7
-10061142
528228 (base 10) to base 8
2007544
8831625 (base 10) to base 12
2b5aa89
What is -5073030 (base 8) in base 14?
-26c984
What is 37192 (base 13) in base 15?
2006a
Convert -11322342 (base 6) to base 2.
-1010110001100110110
Convert -121010331202 (base 4) to base 14.
-c31a5c
What is 620178 (base 10) in base 15?
c3b53
Convert -223693 (base 11) to base 15.
-70820
78b06 (base 14) to base 10
293026
-336680 (base 10) to base 13
-ba326
Convert 88777 (base 9) to base 16.
e64d
-1612316 (base 7) to base 13
-79c0a
-1000211021 (base 3) to base 7
-113065
-36a131 (base 11) to base 6
-20305504
16075478 (base 9) to base 4
132212121032
Convert 3200121332 (base 4) to base 10.
919166
What is -4cc87b (base 16) in base 6?
-255504323
Convert 1121132101 (base 4) to base 14.
977b3
What is -232441003 (base 5) in base 7?
-12012135
Convert -253307 (base 9) to base 16.
-256fc
Convert -12314434 (base 5) to base 13.
-42804
Convert 23b37 (base 13) to base 8.
200122
-447262 (base 12) to base 16
-10a4aa
10022221012 (base 3) to base 15
1465b
-dbb (base 16) to base 8
-6673
354776 (base 13) to base 16
135440
Convert 125710 (base 11) to base 5.
22312341
What is -33359 (base 12) in base 15?
-151b3
What is 140352114 (base 7) in base 13?
1b75126
Convert -d8a1 (base 14) to base 16.
-9205
-110111000010011 (base 2) to base 16
-6e13
What is -20022100122 (base 3) in base 9?
-208318
What is 724950 (base 10) in base 14?
14c2a2
What is 413005a (base 11) in base 15?
9905a8
-4edc9 (base 16) to base 5
-40314032
Convert 10010110100011011110 (base 2) to base 6.
21114542
1163560 (base 7) to base 14
3ca30
What is -12604522 (base 7) in base 8?
-4334144
Convert 37510 (base 12) to base 15.
17376
45899 (base 12) to base 11
63842
Convert 11000111011100001110001 (base 2) to base 12.
2231ba9
Convert -341623 (base 8) to base 11.
-79944
Convert 202120201 (base 3) to base 7.
61513
What is -15a952 (base 13) in base 12?
-21b188
40ba2 (base 13) to base 10
116235
-15221454 (base 6) to base 10
-531754
Convert 100110001011011 (base 2) to base 11.
13760
What is -302210211 (base 4) in base 15?
-41596
What is 12244433233 (base 5) in base 3?
1000221002200122
13420444 (base 5) to base 16
21e7a
What is 4032320020 (base 5) in base 3?
120012221200201
Convert -1917 (base 16) to base 3.
-22210220
-1e5cb (base 16) to base 8
-362713
What is -4005135 (base 6) in base 14?
-4c5d9
What is 1d9d77 (base 16) in base 10?
1940855
What is 5421716 (base 10) in base 13?
117aa21
Convert 5b9582 (base 12) to base 10.
1488626
-29348a (base 11) to base 13
-130891
Convert 20202021112220 (base 3) to base 15.
4ad0c6
11a1be (base 15) to base 7
10114043
What is -572a8a (base 13) in base 3?
-10212210100020
-2cd9b1 (base 14) to base 11
-98581a
Convert -3a3262 (base 14) to base 5.
-1003200332
Convert -432513540 (base 6) to base 16.
-756144
What is 57a10 (base 12) in base 10?
117228
1301652 (base 8) to base 13
c864c
What is 28037 (base 9) in base 10?
18988
What is -11011001100101011 (base 2) in base 13?
-3b926
-13300110 (base 4) to base 16
-7c14
Convert -281631 (base 9) to base 16.
-29f35
Convert 93306 (base 10) to base 16.
16c7a
What is 1011011111000000 (base 2) in base 13?
18546
What is -f8c0f (base 16) in base 10?
-1018895
What is 37361552 (base 8) in base 2?
11111011110001101101010
-11110011010101111 (base 2) to base 10
-124591
-146473 (base 9) to base 11
-61730
3e1d3 (base 16) to base 10
254419
What is -90381 (base 13) in base 11?
-166648
What is 80080 (base 11) in base 6?
2302400
4311311114 (base 5) to base 12
3063510
Convert 1103122332 (base 4) to base 11.
2137a1
What is 628346 (base 9) in base 15?
75a23
91484 (base 10) to base 14
254a8
What is -1a5a53 (base 12) in base 16?
-71d9f
What is 2c71d (base 14) in base 2?
11011001000110111
What is -d334c (base 16) in base 8?
-3231514
What is -1635052 (base 7) in base 12?
-ab75a
What is -13422220 (base 5) in base 11?
-95529
What is -267921 (base 11) in base 13?
-119459
Convert -23222305 (base 6) to base 4.
-2233123001
-2540546 (base 7) to base 9
-551535
What is -1e9f59 (base 16) in base 13?
-5535cb
What is -153168 (base 10) in base 4?
-211121100
What is -8915395 (base 10) in base 4?
-202000213003
Convert 4011143114 (base 5) to base 11.
4514686
-193002 (base 11) to base 10
-296815
What is -970195 (base 10) in base 15?
-1426ea
Convert 2c57e (base 16) to base 10.
181630
Convert -5cc02 (base 13) to base 10.
-171199
Convert -33621501 (base 8) to base 14.
-d784b7
-3122130101 (base 5) to base 9
-13108432
1111001001100100100100 (base 2) to base 4
33021210210
Convert 211111212 (base 3) to base 6.
203552
63534004 (base 7) to base 9
11120284
Convert -2002331331 (base 5) to base 2.
-1111000100000110100110
Convert 1562451 (base 7) to base 6.
4352400
-237336 (base 8) to base 9
-133870
Convert -147814 (base 13) to base 3.
-221112000011
What is -7061a (base 11) in base 12?
-4b8aa
1051273 (base 10) to base 14
1d518d
Convert -477095 (base 11) to base 3.
-1102102012011
Convert -1011204032 (base 5) to base 3.
-10212100001211
-51965 (base 12) to base 9
-172425
What is -24246712 (base 9) in base 6?
-1101443232
1263413 (base 7) to base 12
80708
What is -2725436 (base 9) in base 10?
-1493349
393099 (base 12) to base 3
1202200021100
What is -100000100001011011100010 (base 2) in base 10?
-8525538
Convert 222110020033 (base 4) to base 3.
202212120001011
Convert -512946 (base 12) to base 16.
-135fc6
What is 3561624 (base 7) in base 8?
1562713
Convert -53227146 (base 8) to base 13.
-2474c58
Convert 3566 (base 16) to base 13.
62b7
110111100000111011010 (base 2) to base 13
4b8cb8
Convert -2